-3*g - 2*u + 90. Let q be 256/14 - (-4)/(-14). Calculate the greatest common factor of q and g.
9
Let o = 144 - 100. What is the greatest common factor of 110 and o?
22
Let v = 103 + 33. Calculate the greatest common divisor of 17 and v.
17
Let r = 39 - 13. Calculate the highest common factor of r and 2.
2
Suppose -4*b = 2*t - 49 - 161, 3*b + 5*t = 175. Calculate the highest common divisor of b and 40.
10
Suppose -3*c = -6*c + 198. Let o = c - 27. Calculate the greatest common factor of o and 13.
13
Let l = 80 - 35. Calculate the greatest common divisor of 9 and l.
9
Let n(l) = -l**2 + l + 1. Let i be n(0). Suppose -4*j + 53 = -5*t, 3*j + 2*j - 15 = -4*t. What is the highest common divisor of i and j?
1
Let b(y) = y**2 - 3*y - 1. Let l(u) = -u - 2. Let j be l(-6). Let w be b(j). Suppose 0 = -w*x + 117 + 156. Calculate the highest common divisor of x and 13.
13
Let v be -1 - 6/(-6 + 3). Let r be -19*v*(-3)/3. What is the highest common divisor of r and 38?
19
Let d(j) = 5*j**2 + 2*j - 2. Suppose -l = -2*l - 2. Let o be d(l). Calculate the highest common factor of o and 28.
14
Suppose 5*z + 89 = 404. Calculate the greatest common factor of z and 9.
9
Suppose -2*s = -7*s + 20. Suppose -2*i - s*j + 412 = 0, 0*i - 5*i = 3*j - 1002. Calculate the highest common divisor of i and 18.
18
Let b = -14 + 22. Let j be (-6)/(5 - (-13)/(-2)). What is the highest common factor of j and b?
4
Let h(k) = -k + 13. Let f be h(-7). Suppose -m + 65 = -5*j, -2*m - m + 4*j = -162. What is the greatest common divisor of f and m?
10
Let x be (-1)/(-2)*0/(-3). Suppose x = 5*m - 112 + 22. Calculate the highest common divisor of 45 and m.
9
Let s(q) be the first derivative of -q**3/3 - 13*q**2/2 - 15*q + 2. Let a be s(-10). What is the highest common factor of a and 45?
15
Let c = 54 - 38. Let l(g) = 4*g - 4. Let b be l(7). Calculate the highest common factor of c and b.
8
Let s(v) = -9*v + 10. Suppose -t - 36 = 3*t. Let u be s(t). Calculate the greatest common divisor of 13 and u.
13
Suppose -i + 5*c = 16, -c + 16 = 3*c. Suppose 2*q - 12 = -5*a, i*q + 31 + 5 = 5*a. Let y be a/(-18) - 222/(-27). What is the greatest common divisor of y and 4?
4
Let f(t) = t**2 - 12*t + 16. Let k be f(12). Suppose 3*a - 13 - 11 = 0. Suppose -i + a = i. Calculate the greatest common factor of k and i.
4
Let b = 10 - 6. Suppose -2*y + b*y = 64. Calculate the greatest common divisor of y and 48.
16
Suppose 0 = 6*l - l + 10, 12 = 2*d + l. Calculate the greatest common divisor of 14 and d.
7
Let p(q) = -q**2 - 6*q - 5. Let i be p(-4). Let j be (i/(-6))/(1/(-10)). Calculate the greatest common divisor of 45 and j.
5
Let d = -19 - -29. Let l = 1 - -1. Suppose 196 = l*b + 16. Calculate the greatest common factor of b and d.
10
Let j = -4 + 9. Suppose -2*z + 6 = 0, j*z + 3 = -5*q + 103. What is the highest common factor of q and 17?
17
Let p(c) = -c**3 + 9*c**2 + 6*c + 1. Suppose 0*n = 4*n - 36. Let q be p(n). Suppose 6*k - 55 = k. Calculate the greatest common factor of k and q.
11
Let o = -46 + 139. Calculate the greatest common factor of 31 and o.
31
Suppose 2*m + 1 = 7. Let z(b) = 7*b**2 - 3*b + 1. Let s be z(m). Calculate the greatest common factor of s and 5.
5
Let d = 131 - 43. Suppose -5*c + d = 3. What is the greatest common factor of c and 119?
17
Suppose -6*z + 9 = 3. What is the greatest common divisor of z and 8?
1
Suppose -136 = -3*m - 3*t + 7*t, -3*t = m - 41. What is the greatest common divisor of 220 and m?
44
Let m = 69 + -36. Let x(l) = -4*l - 1 - 2 - 2. Let u be x(-4). Calculate the greatest common divisor of m and u.
11
Let x(y) = -4*y - 2. Let o be 2/19 - 858/209. Let w be x(o). Calculate the highest common divisor of 154 and w.
14
Suppose -k = 4*k + 575. Let w = 225 + k. What is the highest common factor of 10 and w?
10
Suppose 0 = -2*c + 2 + 2. Let l be 4/9 - 5740/(-369). What is the highest common factor of c and l?
2
Suppose 3*d = 8*d - 4*h, 5*d - 2*h = 0. Suppose d*m = 2*m - 4. Let n = -20 + 42. Calculate the greatest common factor of m and n.
2
Suppose 2*w - 95 = w. Suppose -m - m + r = -w, -4*m + 205 = -5*r. What is the highest common factor of m and 5?
5
Let g(z) = 4*z + 3. Let f be g(1). Calculate the highest common factor of 3 and f.
1
Let z(u) = 2*u**2 + 20*u - 8. Let v be z(-14). What is the greatest common factor of 13 and v?
13
Suppose -20 = 3*q - 281. Calculate the greatest common divisor of 29 and q.
29
Let f be (-1)/((-8)/(-10))*-4. Let q(p) = 2*p - 7. Let i be q(f). Suppose 3*u - 2*u - 4 = 0, -i*u + 6 = -2*a. Calculate the highest common factor of a and 21.
3
Let k be 91 - (2 + -2 - -1). Suppose -33*f - 144 = -41*f. What is the highest common factor of f and k?
18
Let y = -35 + 67. Let w = 3 - 5. Let k be (2/5)/(w/(-20)). Calculate the greatest common divisor of y and k.
4
Suppose -2*z = 4*a - 3*z - 912, -4*a - 5*z = -912. Let d = a - 18. Calculate the greatest common divisor of d and 21.
21
Let z = 113 + -81. Suppose 2*b + 232 = 3*s, -38 = -s + 2*b + 34. Calculate the highest common divisor of s and z.
16
Let d(m) = 65*m**2 + m. Let g be d(-1). Suppose 3*s - 101 = -2*p, 5*s - 2*p = 115 + g. What is the greatest common divisor of s and 7?
7
Let r(w) = -w**3 + 3*w**2 + 5*w - 2. Let m be r(4). Suppose z = 140 + m. Let k = 278 - z. What is the highest common factor of 17 and k?
17
Let m be (3/(-12))/((-1)/4). Let f(y) = -m - 2*y - 1 - y - 4*y. Let s be f(-5). Calculate the greatest common factor of s and 11.
11
Suppose 0 = -3*j + q + 29, q + 6 - 32 = -2*j. Calculate the highest common divisor of 44 and j.
11
Let b = 19 + -13. Let c = -8 - -16. Suppose 4*q - 4 = c. Calculate the highest common factor of b and q.
3
Let r = -40 + 76. Let f(o) = -o**3 - 2*o**2 - 2*o + 12. Let z be f(0). What is the highest common factor of z and r?
12
Let s = -88 + 350. Let w = s - 143. What is the highest common divisor of w and 17?
17
Let l(d) = 2*d**2 + 11*d + 14. Let a be l(-6). Calculate the highest common factor of 8 and a.
4
Suppose 5*z - 42 = 5*x + 18, 2*x = z - 10. Suppose -5*t = -3*t - 56. What is the highest common factor of z and t?
14
Suppose s - 239 = 4*m, -m + 2*m = 1. Let g = -89 + s. What is the greatest common factor of 14 and g?
14
Let q(s) = 2*s**3 - 2*s**2 + 2. Let n be q(3). What is the highest common divisor of 19 and n?
19
Let j(y) = y**3 + 3*y**2 - 3*y + 2. Let h = -2 + -2. Let v be j(h). Let n be 1*v/2 + 6. What is the highest common factor of n and 55?
5
Let h(w) = w**2 + 12*w - 9. Let a be h(8). Let g = a + -91. Suppose -3*x - x + g = 0. Calculate the greatest common divisor of 3 and x.
3
Let k = 143 - 73. Let s(m) be the third derivative of m**4/24 + 5*m**3/3 + 2*m**2. Let d be s(0). What is the greatest common factor of k and d?
10
Let k = 22 - -8. What is the greatest common factor of 20 and k?
10
Let b = 51 + -34. Let p(o) = -o**3 + 10*o**2 + 9*o - 9. Let t be p(9). What is the greatest common divisor of b and t?
17
Let w be 2 + 4 + (-6)/2. Suppose 4*p = -4*c + 48, -w*p - 24 = -4*c + p. What is the highest common divisor of 72 and c?
9
Let s be -2 + 2 + (-1 - -6) + -2. Calculate the greatest common factor of s and 2.
1
Suppose 0 = 4*u - 0*u - 4*n + 12, u - 17 = -3*n. What is the greatest common divisor of u and 6?
2
Let i = 24 + -20. Let c be 53 - 1/((-2)/i). Calculate the highest common factor of 11 and c.
11
Suppose -2*o - 8 + 50 = 0. Calculate the highest common factor of o and 3.
3
Let b = 24 - 22. Let d be ((-3)/(-1))/(b/20). Calculate the highest common divisor of 210 and d.
30
Let o be (0 + -1)/((-3)/69). Let y(m) = m**2 - 2*m - 5. Let t be y(12). What is the highest common factor of o and t?
23
Suppose -2*k + 29 = 107. Let h(f) = -f**3 + 9*f**2 - f - 6. Let s be h(10). Let x = k - s. Calculate the highest common factor of x and 7.
7
Let r = 35 - 19. Calculate the greatest common divisor of r and 64.
16
Suppose -11 = -4*o - 3. Suppose -4*t + o*t = -28. Calculate the highest common factor of 70 and t.
14
Let b = 4 + -1. Suppose -30 = 2*j + b*j. Let h be 73/3 + 2/j. What is the highest common factor of 3 and h?
3
Let q(m) = -10*m - 2. Let c be q(-1). Calculate the highest common factor of 2 and c.
2
Let b(s) = -4*s. Let x be b(-1). Let v = x - 10. Let u be 112 + (-2)/v*0. What is the highest common divisor of u and 16?
16
Let t be (-306)/119*